e remainder when 200247 is divided by 150.
147
Calculate the remainder when 2150 is divided by 686.
92
What is the remainder when 386836 is divided by 22?
10
What is the remainder when 89295 is divided by 38?
33
Calculate the remainder when 3279 is divided by 1084.
27
What is the remainder when 13837 is divided by 2746?
107
What is the remainder when 2325957 is divided by 497?
494
Calculate the remainder when 108018 is divided by 100.
18
What is the remainder when 63555 is divided by 29?
16
Calculate the remainder when 204930 is divided by 17077.
6
What is the remainder when 22526 is divided by 2056?
1966
Calculate the remainder when 1808 is divided by 894.
20
Calculate the remainder when 83857 is divided by 20868.
385
What is the remainder when 420475 is divided by 622?
3
Calculate the remainder when 269691 is divided by 353.
352
Calculate the remainder when 4547 is divided by 505.
2
What is the remainder when 915788 is divided by 85?
83
What is the remainder when 15079 is divided by 1497?
109
What is the remainder when 261310 is divided by 53?
20
Calculate the remainder when 11317 is divided by 20.
17
What is the remainder when 814 is divided by 204?
202
Calculate the remainder when 23633 is divided by 105.
8
What is the remainder when 31837 is divided by 87?
82
What is the remainder when 29891 is divided by 532?
99
Calculate the remainder when 233486 is divided by 132.
110
What is the remainder when 6607667 is divided by 230?
227
Calculate the remainder when 20991 is divided by 168.
159
Calculate the remainder when 144743 is divided by 586.
1
What is the remainder when 3284 is divided by 3183?
101
Calculate the remainder when 1162 is divided by 565.
32
What is the remainder when 15176 is divided by 7588?
0
What is the remainder when 7602 is divided by 691?
1
What is the remainder when 44515 is divided by 4448?
35
Calculate the remainder when 6081 is divided by 437.
400
What is the remainder when 1443 is divided by 13?
0
What is the remainder when 5332 is divided by 44?
8
Calculate the remainder when 724041 is divided by 118.
111
Calculate the remainder when 70132 is divided by 23373.
13
What is the remainder when 6614 is divided by 77?
69
What is the remainder when 325239 is divided by 68?
63
Calculate the remainder when 4644 is divided by 918.
54
Calculate the remainder when 369086 is divided by 1031.
1019
Calculate the remainder when 13149 is divided by 1614.
237
Calculate the remainder when 3515 is divided by 40.
35
Calculate the remainder when 15125 is divided by 1505.
75
What is the remainder when 182058 is divided by 16549?
19
What is the remainder when 991158 is divided by 284?
282
Calculate the remainder when 319528 is divided by 472.
456
Calculate the remainder when 3175 is divided by 1040.
55
Calculate the remainder when 8019 is divided by 7957.
62
What is the remainder when 166360 is divided by 83172?
16
What is the remainder when 584777 is divided by 28?
25
Calculate the remainder when 4637 is divided by 1542.
11
Calculate the remainder when 122171 is divided by 184.
179
What is the remainder when 3303 is divided by 303?
273
Calculate the remainder when 211848 is divided by 312.
0
What is the remainder when 2255 is divided by 227?
212
Calculate the remainder when 20741 is divided by 352.
325
What is the remainder when 52512 is divided by 5833?
15
What is the remainder when 367219 is divided by 14?
13
Calculate the remainder when 10491 is divided by 107.
5
What is the remainder when 15840 is divided by 217?
216
What is the remainder when 49594 is divided by 24757?
80
What is the remainder when 61428 is divided by 205?
133
Calculate the remainder when 406 is divided by 140.
126
Calculate the remainder when 27864 is divided by 9287.
3
Calculate the remainder when 66629 is divided by 132.
101
Calculate the remainder when 86613 is divided by 610.
603
What is the remainder when 1335 is divided by 1184?
151
What is the remainder when 6375832 is divided by 1427?
1423
Calculate the remainder when 10189 is divided by 788.
733
Calculate the remainder when 21545 is divided by 10584.
377
Calculate the remainder when 26563 is divided by 299.
251
What is the remainder when 2557 is divided by 87?
34
Calculate the remainder when 4786 is divided by 725.
436
What is the remainder when 2495 is divided by 1232?
31
What is the remainder when 4040 is divided by 637?
218
Calculate the remainder when 46052 is divided by 132.
116
What is the remainder when 9854 is divided by 2?
0
Calculate the remainder when 586785 is divided by 119.
115
Calculate the remainder when 13985 is divided by 9.
8
What is the remainder when 193060 is divided by 11?
10
Calculate the remainder when 3729 is divided by 319.
220
Calculate the remainder when 8413 is divided by 1010.
333
Calculate the remainder when 6741 is divided by 1135.
1066
What is the remainder when 8663 is divided by 114?
113
Calculate the remainder when 2395 is divided by 1107.
181
Calculate the remainder when 48815 is divided by 63.
53
Calculate the remainder when 391 is divided by 159.
73
Calculate the remainder when 1225 is divided by 602.
21
Calculate the remainder when 6064 is divided by 2012.
28
Calculate the remainder when 34870 is divided by 31.
26
Calculate the remainder when 112605 is divided by 75.
30
Calculate the remainder when 49153 is divided by 683.
660
Calculate the remainder when 525504 is divided by 652.
644
Calculate the remainder when 64021 is divided by 890.
831
What is the remainder when 1610 is divided by 1?
0
What is the remainder when 49039 is divided by 316?
59
Calculate the remainder when 1060390 is divided by 1173.
1171
Calculate the remainder when 6119 is divided by 2039.
2
Calculate the remainder when 736581 is divided by 74.
59
What is the remainder when 13712 is divided by 17?
10
What is the remainder when 551478 is divided by 136?
134
What is the remainder when 130312 is divided by 325?
312
Calculate the remainder when 88639 is divided by 40.
39
What is the remainder when 1222 is divided by 1140?
82
What is the remainder when 2596 is divided by 30?
16
Calculate the remainder when 579644 is divided by 289819.
6
Calculate the remainder when 67724 is divided by 249.
245
Calculate the remainder when 1158 is divided by 4.
2
What is the remainder when 5461 is divided by 219?
205
Calculate the remainder when 15319 is divided by 3826.
15
Calculate the remainder when 4671 is divided by 49.
16
What is the remainder when 340 is divided by 256?
84
What is the remainder when 128832 is divided by 69?
9
What is the remainder when 5264 is divided by 15?
14
Calculate the remainder when 6924 is divided by 6894.
30
Calculate the remainder when 14915 is divided by 2240.
1475
Calculate the remainder when 423 is divided by 240.
183
Calculate the remainder when 1471 is divided by 219.
157
What is the remainder when 61537 is divided by 187?
14
Calculate the remainder when 16446 is divided by 860.
106
What is the remainder when 7956 is divided by 19?
14
Calculate the remainder when 34036 is divided by 976.
852
What is the remainder when 278 is divided by 88?
14
What is the remainder when 1348 is divided by 1280?
68
Calculate the remainder when 70765 is divided by 2079.
79
Calculate the remainder when 25324 is divided by 9.
7
What is the remainder when 54448 is divided by 150?
148
What is the remainder when 1903849 is divided by 412?
409
What is the remainder when 3390 is divided by 226?
0
What is the remainder when 513 is divided by 139?
96
What is the remainder when 3936 is divided by 1310?
6
Calculate the remainder when 14903 is divided by 7441.
21
What is the remainder when 4254 is divided by 291?
180
What is the remainder when 991031 is divided by 42?
41
What is the remainder when 2943 is divided by 418?
17
Calculate the remainder when 13692 is divided by 112.
28
Calculate the remainder when 38326 is divided by 47.
21
What is the remainder when 9376 is divided by 346?
34
What is the remainder when 1241792 is divided by 161?
160
What is the remainder when 19291 is divided by 459?
13
Calculate the remainder when 617 is divided by 588.
29
What is the remainder when 198747 is divided by 318?
315
Calculate the remainder when 35819 is divided by 35812.
7
What is the remainder when 6866 is divided b